{"id":3438,"date":"2019-01-28T16:50:33","date_gmt":"2019-01-28T15:50:33","guid":{"rendered":"http:\/\/babadlo.sk\/?page_id=3438"},"modified":"2025-04-27T07:40:45","modified_gmt":"2025-04-27T05:40:45","slug":"dorota-novotna","status":"publish","type":"page","link":"https:\/\/babadlo.sk\/bratislava\/o-divadle\/dorota-novotna\/","title":{"rendered":"Dorota Novotn\u00e1"},"content":{"rendered":"<div class=\"wpb-content-wrapper\"><p>[vc_row][vc_column width=&#8220;2\/3&#8243;][vc_row_inner][vc_column_inner width=&#8220;2\/3&#8243;][vc_column_text]<\/p>\n<h5 class=\"p1\"><strong>Kto som ?<\/strong><\/h5>\n<p>Som St\u00e1le \u0161tudentka, dlho e\u0161te budem St\u00e1le trochu poja\u0161en\u00e1, s\u00edce mal\u00e1 ale \u0161ikovn\u00e1.<\/p>\n<h5 class=\"p1\"><strong>Kedy som po\u010dul prv\u00fdkr\u00e1t o\u00a0BABADLE?<\/strong><\/h5>\n<p>Tak v\u00e1m poviem, \u017ee od narodenia. No, od \u00fatleho veku. Ke\u010f\u017ee Babadlo bolo moj\u00edm druh\u00fdm domovom a st\u00e1le je. Od mali\u010dka som sed\u00e1vala pri mamke v r\u00e9\u017eii a nemala som na v\u00fdber nepo\u010d\u00fava\u0165.<\/p>\n<h5 class=\"p1\"><strong>Ako dlho spolupracujem s\u00a0BABADLOM a\u00a0pre\u010do ?<\/strong><\/h5>\n<p>Pre m\u0148a sa na\u0161la v\u017edy robota .Niekto dost\u00e1va za \u00falohu od mamky vy\u017eehli\u0165 pr\u00e1dlo, ja som lepila plag\u00e1ty a pred\u00e1vala d\u017e\u00fasiky. No hereck\u00e9 vy\u010d\u00ed\u0148anie pri\u0161lo a\u017e na strednej \u0161kole.<\/p>\n<h5 class=\"p1\"><strong>\u010co mi priniesol do \u017eivota svet b\u00e1bkov\u00e9ho divadla ?<\/strong><\/h5>\n<p>Sam\u00e9 dobre veci. Kr\u00e1snu sk\u00fasenos\u0165 a ve\u013ek\u00fa in\u0161pir\u00e1ciu. Prv\u00fa l\u00e1sku k umeniu som na\u0161la pr\u00e1ve tu. No aj pevn\u00e9 nervy.[\/vc_column_text][\/vc_column_inner][vc_column_inner width=&#8220;1\/3&#8243;][vc_column_text]<strong>V\u00a0BABADLE od narodenia<\/strong>[\/vc_column_text][vc_column_text]Inscen\u00e1cie :<\/p>\n<p><a href=\"https:\/\/babadlo.sk\/bratislava\/program\/repertoar\/ako-psicek-a-macicka\/\"><strong><span style=\"text-decoration: underline;\">Ako ps\u00ed\u010dek a ma\u010di\u010dka<\/span><\/strong><\/a><br \/>\n<a href=\"https:\/\/babadlo.sk\/bratislava\/program\/repertoar\/skarede-kaciatko\/\"><span style=\"text-decoration: underline;\"><strong>\u0160kared\u00e9 ka\u010diatko<\/strong><\/span><\/a><br \/>\n<a href=\"https:\/\/babadlo.sk\/bratislava\/ako-sova-liske-bajky-citala\/\"><span style=\"text-decoration: underline;\"><strong>Ako sova l\u00ed\u0161ke b\u00e1jky \u010d\u00edtala<\/strong><\/span><\/a><br \/>\n<a href=\"https:\/\/babadlo.sk\/bratislava\/od-ondreja-do-troch-kralov\/\"><span style=\"text-decoration: underline;\"><strong>Od Ondreja do troch kr\u00e1\u013eov<\/strong><\/span><\/a><\/p>\n<p>&nbsp;<\/p>\n<p>In\u00e9:<\/p>\n<div class=\"gmail_default\">Od roku\u00a0 2016 in\u0161truktorka v letnom divadelnom t\u00e1bore v BABADLE.<br \/>\n2021 &#8211; v\u00fdtvarn\u00e9 spracovanie b\u00e1bok a kul\u00eds do inscen\u00e1cie Od Ondreja do troch kr\u00e1\u013eov<br \/>\n2022 &#8211; Podie\u013ea sa\u00a0 na v\u00fdtvarnom a grafickom spracovan\u00ed propag\u00e1cie divadla,<\/div>\n<p>[\/vc_column_text][\/vc_column_inner][\/vc_row_inner][vc_gallery type=&#8220;image_grid&#8220; images=&#8220;3445,3448,3449,3450&#8243;][\/vc_column][vc_column width=&#8220;1\/3&#8243;][vc_single_image image=&#8220;6698&#8243; img_size=&#8220;large&#8220; alignment=&#8220;center&#8220; style=&#8220;vc_box_rounded&#8220;][\/vc_column][\/vc_row][vc_row][vc_column][\/vc_column][\/vc_row]<\/p>\n<\/div>","protected":false},"excerpt":{"rendered":"<p>[vc_row][vc_column width=&#8220;2\/3&#8243;][vc_row_inner][vc_column_inner width=&#8220;2\/3&#8243;][vc_column_text] Kto som ? Som St\u00e1le \u0161tudentka, dlho e\u0161te budem St\u00e1le trochu poja\u0161en\u00e1, s\u00edce mal\u00e1 ale \u0161ikovn\u00e1. Kedy som po\u010dul prv\u00fdkr\u00e1t o\u00a0BABADLE? Tak v\u00e1m [&hellip;]<\/p>\n","protected":false},"author":7,"featured_media":3443,"parent":104,"menu_order":0,"comment_status":"closed","ping_status":"closed","template":"","meta":{"rs_blank_template":"","rs_page_bg_color":"","slide_template_v7":"","footnotes":""},"class_list":["post-3438","page","type-page","status-publish","has-post-thumbnail","hentry"],"_links":{"self":[{"href":"https:\/\/babadlo.sk\/bratislava\/wp-json\/wp\/v2\/pages\/3438","targetHints":{"allow":["GET"]}}],"collection":[{"href":"https:\/\/babadlo.sk\/bratislava\/wp-json\/wp\/v2\/pages"}],"about":[{"href":"https:\/\/babadlo.sk\/bratislava\/wp-json\/wp\/v2\/types\/page"}],"author":[{"embeddable":true,"href":"https:\/\/babadlo.sk\/bratislava\/wp-json\/wp\/v2\/users\/7"}],"replies":[{"embeddable":true,"href":"https:\/\/babadlo.sk\/bratislava\/wp-json\/wp\/v2\/comments?post=3438"}],"version-history":[{"count":4,"href":"https:\/\/babadlo.sk\/bratislava\/wp-json\/wp\/v2\/pages\/3438\/revisions"}],"predecessor-version":[{"id":6699,"href":"https:\/\/babadlo.sk\/bratislava\/wp-json\/wp\/v2\/pages\/3438\/revisions\/6699"}],"up":[{"embeddable":true,"href":"https:\/\/babadlo.sk\/bratislava\/wp-json\/wp\/v2\/pages\/104"}],"wp:featuredmedia":[{"embeddable":true,"href":"https:\/\/babadlo.sk\/bratislava\/wp-json\/"}],"wp:attachment":[{"href":"https:\/\/babadlo.sk\/bratislava\/wp-json\/wp\/v2\/media?parent=3438"}],"curies":[{"name":"wp","href":"https:\/\/api.w.org\/{rel}","templated":true}]}}

Dorota Novotná

<div class="wpb-content-wrapper"><p>[vc_row][vc_column width=&#8220;2/3&#8243;][vc_row_inner][vc_column_inner width=&#8220;2/3&#8243;][vc_column_text]</p>
<h5 class="p1"><strong>Kto som ?</strong></h5>
<p>Som Stále študentka, dlho ešte budem Stále trochu pojašená, síce malá ale šikovná.</p>
<h5 class="p1"><strong>Kedy som počul prvýkrát o BABADLE?</strong></h5>
<p>Tak vám poviem, že od narodenia. No, od útleho veku. Keďže Babadlo bolo mojím druhým domovom a stále je. Od malička som sedávala pri mamke v réžii a nemala som na výber nepočúvať.</p>
<h5 class="p1"><strong>Ako dlho spolupracujem s BABADLOM a prečo ?</strong></h5>
<p>Pre mňa sa našla vždy robota .Niekto dostáva za úlohu od mamky vyžehliť prádlo, ja som lepila plagáty a predávala džúsiky. No herecké vyčíňanie prišlo až na strednej škole.</p>
<h5 class="p1"><strong>Čo mi priniesol do života svet bábkového divadla ?</strong></h5>
<p>Samé dobre veci. Krásnu skúsenosť a veľkú inšpiráciu. Prvú lásku k umeniu som našla práve tu. No aj pevné nervy.[/vc_column_text][/vc_column_inner][vc_column_inner width=&#8220;1/3&#8243;][vc_column_text]<strong>V BABADLE od narodenia</strong>[/vc_column_text][vc_column_text]Inscenácie :</p>
<p><a href="https://babadlo.sk/bratislava/program/repertoar/ako-psicek-a-macicka/"><strong><span style="text-decoration: underline;">Ako psíček a mačička</span></strong></a><br />
<a href="https://babadlo.sk/bratislava/program/repertoar/skarede-kaciatko/"><span style="text-decoration: underline;"><strong>Škaredé kačiatko</strong></span></a><br />
<a href="https://babadlo.sk/bratislava/ako-sova-liske-bajky-citala/"><span style="text-decoration: underline;"><strong>Ako sova líške bájky čítala</strong></span></a><br />
<a href="https://babadlo.sk/bratislava/od-ondreja-do-troch-kralov/"><span style="text-decoration: underline;"><strong>Od Ondreja do troch kráľov</strong></span></a></p>
<p>&nbsp;</p>
<p>Iné:</p>
<div class="gmail_default">Od roku  2016 inštruktorka v letnom divadelnom tábore v BABADLE.<br />
2021 &#8211; výtvarné spracovanie bábok a kulís do inscenácie Od Ondreja do troch kráľov<br />
2022 &#8211; Podieľa sa  na výtvarnom a grafickom spracovaní propagácie divadla,</div>
<p>[/vc_column_text][/vc_column_inner][/vc_row_inner][vc_gallery type=&#8220;image_grid&#8220; images=&#8220;3445,3448,3449,3450&#8243;][/vc_column][vc_column width=&#8220;1/3&#8243;][vc_single_image image=&#8220;6698&#8243; img_size=&#8220;large&#8220; alignment=&#8220;center&#8220; style=&#8220;vc_box_rounded&#8220;][/vc_column][/vc_row][vc_row][vc_column][/vc_column][/vc_row]</p>
</div>

<p>[vc_row][vc_column width=&#8220;2/3&#8243;][vc_row_inner][vc_column_inner width=&#8220;2/3&#8243;][vc_column_text] Kto som ? Som Stále študentka, dlho ešte budem Stále trochu pojašená, síce malá ale šikovná. Kedy som počul prvýkrát o BABADLE? Tak vám [&hellip;]</p>
