{"id":381,"date":"2016-07-11T15:46:01","date_gmt":"2016-07-11T13:46:01","guid":{"rendered":"http:\/\/projektwebu.sk\/babadlo\/?page_id=381"},"modified":"2024-09-11T11:05:25","modified_gmt":"2024-09-11T09:05:25","slug":"palculienka-2","status":"publish","type":"page","link":"https:\/\/babadlo.sk\/bratislava\/program\/repertoar\/palculienka-2\/","title":{"rendered":"Palculienka"},"content":{"rendered":"<div class=\"wpb-content-wrapper\"><p>[vc_row full_width=&#8220;stretch_row_content_no_spaces&#8220; css=&#8220;.vc_custom_1714682204072{margin-top: -30px !important;}&#8220;][vc_column][vc_single_image image=&#8220;5706&#8243; img_size=&#8220;full&#8220; alignment=&#8220;center&#8220;][\/vc_column][\/vc_row][vc_row][vc_column][vc_column_text]<\/p>\n<h4>Premi\u00e9ra: 18.5.2015<\/h4>\n<p><strong>Scen\u00e1r :<\/strong> J\u00falia Labudov\u00e1<br \/>\n<strong>R\u00e9\u017eia :<\/strong> J\u00falia Labudov\u00e1<br \/>\n<strong>V\u00fdprava :<\/strong> Dorota Sykorjakov\u00e1<br \/>\n<strong>Hraj\u00fa :<\/strong> Lucia Hra\u0161kov\u00e1<\/p>\n<p>\u010co sa udeje, ke\u010f pani kraj\u010d\u00edrka Filom\u00e9na od\u00edde od svojho \u0161ijacieho stroja? Mal\u00e1 nedo\u0161it\u00e1 b\u00e1bika o\u017e\u00edva a objavuje \u010darovn\u00fd svet nitiek, gomb\u00edkov a kor\u00e1lok. N\u00e1jde si domov v malom \u0161upl\u00ed\u010dku v stol\u00edku \u0161ijacieho stroja, ke\u010f tu zrazu\u2026<\/p>\n<p>A takto za\u010d\u00edna pr\u00edbeh malej Palculienky\u00a0 a jej cesty za \u0161\u0165ast\u00edm.<\/p>\n<p>Predstavenie pre deti od 3 rokov<br \/>\nD\u013a\u017eka predstavenia : 45 min<br \/>\nTechnick\u00e9 po\u017eiadavky:[\/vc_column_text][vc_raw_html]JTNDaWZyYW1lJTIwd2lkdGglM0QlMjI1NjAlMjIlMjBoZWlnaHQlM0QlMjIzMTUlMjIlMjBzcmMlM0QlMjJodHRwcyUzQSUyRiUyRnd3dy55b3V0dWJlLmNvbSUyRmVtYmVkJTJGVE1ndG1vTTJGc2MlMjIlMjBmcmFtZWJvcmRlciUzRCUyMjAlMjIlMjBhbGxvd2Z1bGxzY3JlZW4lM0UlM0MlMkZpZnJhbWUlM0U=[\/vc_raw_html][vc_gallery type=&#8220;image_grid&#8220; images=&#8220;6464,6465,6466,6467,6468,6469,6470,6471,6472,6473,6474,6475,6476,6477,6478,6479,6480,6481,6482,6483,6484,6485,6486,6487,6488,6489,6490&#8243; img_size=&#8220;290&#215;145&#8243;][\/vc_column][\/vc_row]<\/p>\n<\/div>","protected":false},"excerpt":{"rendered":"<p>[vc_row full_width=&#8220;stretch_row_content_no_spaces&#8220; css=&#8220;.vc_custom_1714682204072{margin-top: -30px !important;}&#8220;][vc_column][vc_single_image image=&#8220;5706&#8243; img_size=&#8220;full&#8220; alignment=&#8220;center&#8220;][\/vc_column][\/vc_row][vc_row][vc_column][vc_column_text] Premi\u00e9ra: 18.5.2015 Scen\u00e1r : J\u00falia Labudov\u00e1 R\u00e9\u017eia : J\u00falia Labudov\u00e1 V\u00fdprava : Dorota Sykorjakov\u00e1 Hraj\u00fa : Lucia Hra\u0161kov\u00e1 [&hellip;]<\/p>\n","protected":false},"author":7,"featured_media":6041,"parent":688,"menu_order":0,"comment_status":"closed","ping_status":"closed","template":"","meta":{"rs_blank_template":"","rs_page_bg_color":"","slide_template_v7":"","footnotes":""},"class_list":["post-381","page","type-page","status-publish","has-post-thumbnail","hentry"],"_links":{"self":[{"href":"https:\/\/babadlo.sk\/bratislava\/wp-json\/wp\/v2\/pages\/381","targetHints":{"allow":["GET"]}}],"collection":[{"href":"https:\/\/babadlo.sk\/bratislava\/wp-json\/wp\/v2\/pages"}],"about":[{"href":"https:\/\/babadlo.sk\/bratislava\/wp-json\/wp\/v2\/types\/page"}],"author":[{"embeddable":true,"href":"https:\/\/babadlo.sk\/bratislava\/wp-json\/wp\/v2\/users\/7"}],"replies":[{"embeddable":true,"href":"https:\/\/babadlo.sk\/bratislava\/wp-json\/wp\/v2\/comments?post=381"}],"version-history":[{"count":2,"href":"https:\/\/babadlo.sk\/bratislava\/wp-json\/wp\/v2\/pages\/381\/revisions"}],"predecessor-version":[{"id":6491,"href":"https:\/\/babadlo.sk\/bratislava\/wp-json\/wp\/v2\/pages\/381\/revisions\/6491"}],"up":[{"embeddable":true,"href":"https:\/\/babadlo.sk\/bratislava\/wp-json\/wp\/v2\/pages\/688"}],"wp:featuredmedia":[{"embeddable":true,"href":"https:\/\/babadlo.sk\/bratislava\/wp-json\/wp\/v2\/media\/6041"}],"wp:attachment":[{"href":"https:\/\/babadlo.sk\/bratislava\/wp-json\/wp\/v2\/media?parent=381"}],"curies":[{"name":"wp","href":"https:\/\/api.w.org\/{rel}","templated":true}]}}

<div class="wpb-content-wrapper"><p>[vc_row full_width=&#8220;stretch_row_content_no_spaces&#8220; css=&#8220;.vc_custom_1714682204072{margin-top: -30px !important;}&#8220;][vc_column][vc_single_image image=&#8220;5706&#8243; img_size=&#8220;full&#8220; alignment=&#8220;center&#8220;][/vc_column][/vc_row][vc_row][vc_column][vc_column_text]</p>
<h4>Premiéra: 18.5.2015</h4>
<p><strong>Scenár :</strong> Júlia Labudová<br />
<strong>Réžia :</strong> Júlia Labudová<br />
<strong>Výprava :</strong> Dorota Sykorjaková<br />
<strong>Hrajú :</strong> Lucia Hrašková</p>
<p>Čo sa udeje, keď pani krajčírka Filoména odíde od svojho šijacieho stroja? Malá nedošitá bábika ožíva a objavuje čarovný svet nitiek, gombíkov a korálok. Nájde si domov v malom šuplíčku v stolíku šijacieho stroja, keď tu zrazu…</p>
<p>A takto začína príbeh malej Palculienky  a jej cesty za šťastím.</p>
<p>Predstavenie pre deti od 3 rokov<br />
Dĺžka predstavenia : 45 min<br />
Technické požiadavky:[/vc_column_text][vc_raw_html]JTNDaWZyYW1lJTIwd2lkdGglM0QlMjI1NjAlMjIlMjBoZWlnaHQlM0QlMjIzMTUlMjIlMjBzcmMlM0QlMjJodHRwcyUzQSUyRiUyRnd3dy55b3V0dWJlLmNvbSUyRmVtYmVkJTJGVE1ndG1vTTJGc2MlMjIlMjBmcmFtZWJvcmRlciUzRCUyMjAlMjIlMjBhbGxvd2Z1bGxzY3JlZW4lM0UlM0MlMkZpZnJhbWUlM0U=[/vc_raw_html][vc_gallery type=&#8220;image_grid&#8220; images=&#8220;6464,6465,6466,6467,6468,6469,6470,6471,6472,6473,6474,6475,6476,6477,6478,6479,6480,6481,6482,6483,6484,6485,6486,6487,6488,6489,6490&#8243; img_size=&#8220;290&#215;145&#8243;][/vc_column][/vc_row]</p>
</div>

<p>[vc_row full_width=&#8220;stretch_row_content_no_spaces&#8220; css=&#8220;.vc_custom_1714682204072{margin-top: -30px !important;}&#8220;][vc_column][vc_single_image image=&#8220;5706&#8243; img_size=&#8220;full&#8220; alignment=&#8220;center&#8220;][/vc_column][/vc_row][vc_row][vc_column][vc_column_text] Premiéra: 18.5.2015 Scenár : Júlia Labudová Réžia : Júlia Labudová Výprava : Dorota Sykorjaková Hrajú : Lucia Hrašková [&hellip;]</p>
