{"id":6259,"date":"2024-08-20T15:13:17","date_gmt":"2024-08-20T13:13:17","guid":{"rendered":"https:\/\/babadlo.sk\/bratislava\/?page_id=6259"},"modified":"2025-04-09T18:29:39","modified_gmt":"2025-04-09T16:29:39","slug":"od-ondreja-do-troch-kralov","status":"publish","type":"page","link":"https:\/\/babadlo.sk\/bratislava\/od-ondreja-do-troch-kralov\/","title":{"rendered":"Od Ondreja do troch kr\u00e1\u013eov"},"content":{"rendered":"<div class=\"wpb-content-wrapper\"><p>[vc_row full_width=&#8220;stretch_row_content_no_spaces&#8220; css=&#8220;.vc_custom_1724161236931{margin-top: -30px !important;}&#8220;][vc_column][vc_single_image image=&#8220;5706&#8243; img_size=&#8220;full&#8220;][\/vc_column][\/vc_row][vc_row][vc_column][vc_column_text]<strong>Text:<\/strong> Al\u017ebeta Vere\u0161pejov\u00e1 a\u00a0kolet\u00edv Babadla<br \/>\n<strong>V\u00fdprava:<\/strong> Barbora Jak\u00fabkov\u00e1<br \/>\n<strong>R\u00e9\u017eia:<\/strong> \u00a0J\u00falia Labudov\u00e1<br \/>\n<strong>Hraj\u00fa:<\/strong> \u00a0Dorota Novotn\u00e1<\/p>\n<p>S jese\u0148ou prich\u00e1dza aj kr\u00e1sne obdobie predviano\u010dn\u00e9. Na\u0161i predkovia mali s t\u00fdmto obdob\u00edm\u00a0 spojenie aj s pr\u00edrodou\u00a0aj s r\u00f4znymi zvyklos\u0165ami .<br \/>\n\u010co sa dialo na Ondreja\u00a0?Pre\u010do sa stra\u0161ilo od Barbory ? Bola Lucia striga\u00a0 ? \u010co priniesol Mikul\u00e1\u0161 ? Kto bol Oce\u013eov\u00fd tato ? Odkia\u013e\u00a0pri\u0161li traja kr\u00e1li ?<br \/>\nTo v\u0161etko v\u00e1m rozpovieme mil\u00e9 deti a spolo\u010dne\u00a0v starej babi\u010dkinej truhlici objav\u00edme star\u00e9 zvyklosti na\u0161ich babi\u010diek a dedu\u0161kov.<\/p>\n<p><strong>Predstavenie pre deti od 3 rokov<br \/>\nD\u013a\u017eka predstavenia:<\/strong> 40 min<strong><br \/>\n<\/strong>[\/vc_column_text][\/vc_column][\/vc_row][vc_row][vc_column][vc_gallery type=&#8220;image_grid&#8220; images=&#8220;6307,6305,6304,6303,6302,6301,6300,6299&#8243; img_size=&#8220;290&#215;145&#8243;][\/vc_column][\/vc_row]<\/p>\n<\/div>","protected":false},"excerpt":{"rendered":"<p>[vc_row full_width=&#8220;stretch_row_content_no_spaces&#8220; css=&#8220;.vc_custom_1724161236931{margin-top: -30px !important;}&#8220;][vc_column][vc_single_image image=&#8220;5706&#8243; img_size=&#8220;full&#8220;][\/vc_column][\/vc_row][vc_row][vc_column][vc_column_text]Text: Al\u017ebeta Vere\u0161pejov\u00e1 a\u00a0kolet\u00edv Babadla V\u00fdprava: Barbora Jak\u00fabkov\u00e1 R\u00e9\u017eia: \u00a0J\u00falia Labudov\u00e1 Hraj\u00fa: \u00a0Dorota Novotn\u00e1 S jese\u0148ou prich\u00e1dza aj kr\u00e1sne obdobie [&hellip;]<\/p>\n","protected":false},"author":7,"featured_media":6271,"parent":0,"menu_order":0,"comment_status":"closed","ping_status":"closed","template":"","meta":{"rs_blank_template":"","rs_page_bg_color":"","slide_template_v7":"","footnotes":""},"class_list":["post-6259","page","type-page","status-publish","has-post-thumbnail","hentry"],"_links":{"self":[{"href":"https:\/\/babadlo.sk\/bratislava\/wp-json\/wp\/v2\/pages\/6259","targetHints":{"allow":["GET"]}}],"collection":[{"href":"https:\/\/babadlo.sk\/bratislava\/wp-json\/wp\/v2\/pages"}],"about":[{"href":"https:\/\/babadlo.sk\/bratislava\/wp-json\/wp\/v2\/types\/page"}],"author":[{"embeddable":true,"href":"https:\/\/babadlo.sk\/bratislava\/wp-json\/wp\/v2\/users\/7"}],"replies":[{"embeddable":true,"href":"https:\/\/babadlo.sk\/bratislava\/wp-json\/wp\/v2\/comments?post=6259"}],"version-history":[{"count":7,"href":"https:\/\/babadlo.sk\/bratislava\/wp-json\/wp\/v2\/pages\/6259\/revisions"}],"predecessor-version":[{"id":6650,"href":"https:\/\/babadlo.sk\/bratislava\/wp-json\/wp\/v2\/pages\/6259\/revisions\/6650"}],"wp:featuredmedia":[{"embeddable":true,"href":"https:\/\/babadlo.sk\/bratislava\/wp-json\/wp\/v2\/media\/6271"}],"wp:attachment":[{"href":"https:\/\/babadlo.sk\/bratislava\/wp-json\/wp\/v2\/media?parent=6259"}],"curies":[{"name":"wp","href":"https:\/\/api.w.org\/{rel}","templated":true}]}}

Od Ondreja do troch kráľov

<div class="wpb-content-wrapper"><p>[vc_row full_width=&#8220;stretch_row_content_no_spaces&#8220; css=&#8220;.vc_custom_1724161236931{margin-top: -30px !important;}&#8220;][vc_column][vc_single_image image=&#8220;5706&#8243; img_size=&#8220;full&#8220;][/vc_column][/vc_row][vc_row][vc_column][vc_column_text]<strong>Text:</strong> Alžbeta Verešpejová a koletív Babadla<br />
<strong>Výprava:</strong> Barbora Jakúbková<br />
<strong>Réžia:</strong>  Júlia Labudová<br />
<strong>Hrajú:</strong>  Dorota Novotná</p>
<p>S jeseňou prichádza aj krásne obdobie predvianočné. Naši predkovia mali s týmto obdobím  spojenie aj s prírodou aj s rôznymi zvyklosťami .<br />
Čo sa dialo na Ondreja ?Prečo sa strašilo od Barbory ? Bola Lucia striga  ? Čo priniesol Mikuláš ? Kto bol Oceľový tato ? Odkiaľ prišli traja králi ?<br />
To všetko vám rozpovieme milé deti a spoločne v starej babičkinej truhlici objavíme staré zvyklosti našich babičiek a deduškov.</p>
<p><strong>Predstavenie pre deti od 3 rokov<br />
Dĺžka predstavenia:</strong> 40 min<strong><br />
</strong>[/vc_column_text][/vc_column][/vc_row][vc_row][vc_column][vc_gallery type=&#8220;image_grid&#8220; images=&#8220;6307,6305,6304,6303,6302,6301,6300,6299&#8243; img_size=&#8220;290&#215;145&#8243;][/vc_column][/vc_row]</p>
</div>

<p>[vc_row full_width=&#8220;stretch_row_content_no_spaces&#8220; css=&#8220;.vc_custom_1724161236931{margin-top: -30px !important;}&#8220;][vc_column][vc_single_image image=&#8220;5706&#8243; img_size=&#8220;full&#8220;][/vc_column][/vc_row][vc_row][vc_column][vc_column_text]Text: Alžbeta Verešpejová a koletív Babadla Výprava: Barbora Jakúbková Réžia:  Júlia Labudová Hrajú:  Dorota Novotná S jeseňou prichádza aj krásne obdobie [&hellip;]</p>
