{"id":6728,"date":"2025-08-22T13:17:26","date_gmt":"2025-08-22T11:17:26","guid":{"rendered":"https:\/\/babadlo.sk\/bratislava\/?page_id=6728"},"modified":"2025-08-22T13:17:26","modified_gmt":"2025-08-22T11:17:26","slug":"danka-a-janka","status":"publish","type":"page","link":"https:\/\/babadlo.sk\/bratislava\/program\/repertoar\/danka-a-janka\/","title":{"rendered":"Danka a Janka"},"content":{"rendered":"<div class=\"wpb-content-wrapper\">[vc_row][vc_column][vc_column_text]<p>[\/vc_column_text][\/vc_column][\/vc_row][vc_row][vc_column][vc_column_text]<\/p>\n<h4>Premi\u00e9ra 5.2.2023<\/h4>\n<p><strong>Scen\u00e1r :<\/strong> J\u00falia Labudov\u00e1<br \/><strong>R\u00e9\u017eia :<\/strong> J\u00falia Labudov\u00e1<br \/><strong>N\u00e1vrh\u00a0sc\u00e9ny : <\/strong>Alica Mikocziova<br \/><strong>B\u00e1bky :<\/strong>\u00a0J\u00falia Labudov\u00e1<br \/><strong>Hudba : <\/strong>Tom\u00e1\u0161 Oravec<br \/><strong>Texty piesn\u00ed :<\/strong> Juraj G. Mandel<\/p>\n<p><strong>Hraj\u00fa :<\/strong> So\u0148a Midl\u00e1rov\u00e1, Jana Hume\u0148ansk\u00e1<\/p>\n<p>S\u00fa to dve sestry. S\u00fa \u00faplne rovnak\u00e9. Danka je ako Janka a Janka ako Danka. Ich dobrodru\u017estv\u00e1 s \u010dlovie\u010dikom z bud\u00edka, s Gevenduchou, s medve\u010fom Demeterom V\u00e1m porozpr\u00e1vaj\u00fa dve \u00faplne rovnak\u00e9 diev\u010dat\u00e1 \u2013 Danka a Janka.<br \/>Tak, ako aj v liter\u00e1rnej predlohe, toto predstavenie rie\u0161i vz\u0165ahy mal\u00fdch diev\u010dat dvoji\u010diek nielen medzi sebou, ale aj mimogenera\u010dne, so svojou starou mamou.<\/p>\n<p>Je to dramatiz\u00e1cia p\u00f4vodn\u00e9ho slovensk\u00e9ho textu spisovate\u013eky M\u00e1rie \u010eur\u00ed\u010dkovej. Jedn\u00fdm z hlavn\u00fdch z\u00e1merov realiz\u00e1cie tohto diela je udr\u017eanie vedomosti a zvy\u0161ovanie z\u00e1ujmu o p\u00f4vodn\u00fa slovensk\u00fa liter\u00e1rnu tvorbu. Malo by podpori\u0165 \u010d\u00edtanie det\u00ed na 1. stupni z\u00e1kladn\u00fdch \u0161k\u00f4l literat\u00faru, ktor\u00fa ur\u010dite objavia v kni\u017eniciach svojich m\u00e1m a star\u00fdch m\u00e1m.<\/p>\n<p><strong>Predstavenie pre deti od 4 rokov<\/strong><br \/><strong>D\u013a\u017eka predstavenia :<\/strong> 45 min\u00fat<br \/><strong>Technick\u00e9 po\u017eiadavky:<\/strong><\/p>\n<p>[\/vc_column_text][vc_gallery type=&#8220;image_grid&#8220; images=&#8220;6875,6876,6877,6878,6879,6880,6881,6882&#8243; img_size=&#8220;290&#215;145&#8243;][\/vc_column][\/vc_row][vc_row][vc_column][vc_column_text]<\/p>\n\r\n\r\n\r\n<p><\/p>\r\n[\/vc_column_text][\/vc_column][\/vc_row]<\/div>","protected":false},"excerpt":{"rendered":"<p>[vc_row][vc_column][vc_column_text] [\/vc_column_text][\/vc_column][\/vc_row]<\/p>\n","protected":false},"author":1,"featured_media":6729,"parent":688,"menu_order":0,"comment_status":"closed","ping_status":"closed","template":"","meta":{"rs_blank_template":"","rs_page_bg_color":"","slide_template_v7":"","footnotes":""},"class_list":["post-6728","page","type-page","status-publish","has-post-thumbnail","hentry"],"_links":{"self":[{"href":"https:\/\/babadlo.sk\/bratislava\/wp-json\/wp\/v2\/pages\/6728","targetHints":{"allow":["GET"]}}],"collection":[{"href":"https:\/\/babadlo.sk\/bratislava\/wp-json\/wp\/v2\/pages"}],"about":[{"href":"https:\/\/babadlo.sk\/bratislava\/wp-json\/wp\/v2\/types\/page"}],"author":[{"embeddable":true,"href":"https:\/\/babadlo.sk\/bratislava\/wp-json\/wp\/v2\/users\/1"}],"replies":[{"embeddable":true,"href":"https:\/\/babadlo.sk\/bratislava\/wp-json\/wp\/v2\/comments?post=6728"}],"version-history":[{"count":1,"href":"https:\/\/babadlo.sk\/bratislava\/wp-json\/wp\/v2\/pages\/6728\/revisions"}],"predecessor-version":[{"id":6730,"href":"https:\/\/babadlo.sk\/bratislava\/wp-json\/wp\/v2\/pages\/6728\/revisions\/6730"}],"up":[{"embeddable":true,"href":"https:\/\/babadlo.sk\/bratislava\/wp-json\/wp\/v2\/pages\/688"}],"wp:featuredmedia":[{"embeddable":true,"href":"https:\/\/babadlo.sk\/bratislava\/wp-json\/wp\/v2\/media\/6729"}],"wp:attachment":[{"href":"https:\/\/babadlo.sk\/bratislava\/wp-json\/wp\/v2\/media?parent=6728"}],"curies":[{"name":"wp","href":"https:\/\/api.w.org\/{rel}","templated":true}]}}

<div class="wpb-content-wrapper">[vc_row][vc_column][vc_column_text]<p>[/vc_column_text][/vc_column][/vc_row][vc_row][vc_column][vc_column_text]</p>
<h4>Premiéra 5.2.2023</h4>
<p><strong>Scenár :</strong> Júlia Labudová<br /><strong>Réžia :</strong> Júlia Labudová<br /><strong>Návrh scény : </strong>Alica Mikocziova<br /><strong>Bábky :</strong> Júlia Labudová<br /><strong>Hudba : </strong>Tomáš Oravec<br /><strong>Texty piesní :</strong> Juraj G. Mandel</p>
<p><strong>Hrajú :</strong> Soňa Midlárová, Jana Humeňanská</p>
<p>Sú to dve sestry. Sú úplne rovnaké. Danka je ako Janka a Janka ako Danka. Ich dobrodružstvá s človiečikom z budíka, s Gevenduchou, s medveďom Demeterom Vám porozprávajú dve úplne rovnaké dievčatá – Danka a Janka.<br />Tak, ako aj v literárnej predlohe, toto predstavenie rieši vzťahy malých dievčat dvojičiek nielen medzi sebou, ale aj mimogeneračne, so svojou starou mamou.</p>
<p>Je to dramatizácia pôvodného slovenského textu spisovateľky Márie Ďuríčkovej. Jedným z hlavných zámerov realizácie tohto diela je udržanie vedomosti a zvyšovanie záujmu o pôvodnú slovenskú literárnu tvorbu. Malo by podporiť čítanie detí na 1. stupni základných škôl literatúru, ktorú určite objavia v knižniciach svojich mám a starých mám.</p>
<p><strong>Predstavenie pre deti od 4 rokov</strong><br /><strong>Dĺžka predstavenia :</strong> 45 minút<br /><strong>Technické požiadavky:</strong></p>
<p>[/vc_column_text][vc_gallery type=&#8220;image_grid&#8220; images=&#8220;6875,6876,6877,6878,6879,6880,6881,6882&#8243; img_size=&#8220;290&#215;145&#8243;][/vc_column][/vc_row][vc_row][vc_column][vc_column_text]</p>



<p></p>
[/vc_column_text][/vc_column][/vc_row]</div>
