{"id":6733,"date":"2025-08-22T13:21:36","date_gmt":"2025-08-22T11:21:36","guid":{"rendered":"https:\/\/babadlo.sk\/bratislava\/?page_id=6733"},"modified":"2025-08-22T13:21:36","modified_gmt":"2025-08-22T11:21:36","slug":"statocny-cinovy-vojacik","status":"publish","type":"page","link":"https:\/\/babadlo.sk\/bratislava\/statocny-cinovy-vojacik\/","title":{"rendered":"Stato\u010dn\u00fd c\u00ednov\u00fd voja\u010dik"},"content":{"rendered":"<div class=\"wpb-content-wrapper\"><p>[vc_row][vc_column][vc_column_text]<\/p>\n<h4>Premi\u00e9ra : 4.6.2007<\/h4>\n<p><strong>scen\u00e1r :<\/strong> <a title=\"J\u00falia Labudov\u00e1\" href=\"http:\/\/www.babadlo.sk\/wp\/julia-labudova\/\">J\u00falia Labudov\u00e1<\/a>, Pavel Miha\u013e\u00e1k<br \/>\n<strong>r\u00e9\u017eia :<\/strong> J\u00falia Labudov\u00e1, Pavel Miha\u013e\u00e1k<br \/>\n<strong>v\u00fdprava :<\/strong> Roman Anderle<br \/>\n<strong>hudba :<\/strong> J\u00falius Sel\u010dan ml.<br \/>\n<strong>hraj\u00fa :<\/strong> Lucia Hra\u0161kov\u00e1, Jakub Muransk\u00fd<\/p>\n<p><em>U\u017e m\u00e1 l\u00e1ska znova obe nohy,<br \/>\nk sebe v p\u00e1re patria mnoh\u00ed.<br \/>\nKu ko\u0161eli p\u00e1nskej man\u017eetka,<br \/>\nk vojakovi c\u00ednov\u00e9mu baletka.<\/em><\/p>\n<p><em>Bol to pr\u00edbeh tro\u0161ku smutn\u00fd,<br \/>\nale sm\u00fatok v \u017eivote je nutn\u00fd.<br \/>\nNakoniec zloba mala smolu,<\/em><\/p>\n<p><em>t\u00ed dvaja s\u00fa u\u017e nav\u017edy a spolu.<\/em><\/p>\n<p>Nesmrte\u013en\u00fd pr\u00edbeh l\u00e1sky kr\u00e1snej tane\u010dnice a\u00a0stato\u010dn\u00e9ho vojaka s\u00a0jednou nohou v\u00a0spracovan\u00ed aj pre najmen\u0161\u00edch div\u00e1kov.<\/p>\n<p>Umenie H.CH. Andersena m\u00e1 aj v dne\u0161nej dobe v\u00fdznamn\u00fd odkaz pre v\u0161etky gener\u00e1cie.Hodnoty ako s\u00fa dobro a zlo, \u017eivotn\u00e1 l\u00e1ska, obetavos\u0165, d\u00f4vera<\/p>\n<p>&nbsp;<\/p>\n<p><strong>Predstavenie pre deti od 3 rokov<\/strong><br \/>\n<strong>D\u013a\u017eka predstavenia:<\/strong> 40 min\u00fat[\/vc_column_text][vc_gallery type=&#8220;image_grid&#8220; images=&#8220;2656,2657,2658,2660,2661,2662,2663,2664,2666,2667,2668,2669,2670,2672,2673,2674,2675,2677,2678,2679,2680,2681,2682,2683,2684,2685,2686,2687,2688,2689,2690,2691,2692,2693,2694,2695,2696,2697,2698,2699&#8243; img_size=&#8220;290&#215;145&#8243;][\/vc_column][\/vc_row]<\/p>\n<\/div>","protected":false},"excerpt":{"rendered":"<p>[vc_row][vc_column][vc_column_text] Premi\u00e9ra : 4.6.2007 scen\u00e1r : J\u00falia Labudov\u00e1, Pavel Miha\u013e\u00e1k r\u00e9\u017eia : J\u00falia Labudov\u00e1, Pavel Miha\u013e\u00e1k v\u00fdprava : Roman Anderle hudba : J\u00falius Sel\u010dan ml. hraj\u00fa [&hellip;]<\/p>\n","protected":false},"author":1,"featured_media":6734,"parent":0,"menu_order":0,"comment_status":"closed","ping_status":"closed","template":"","meta":{"rs_blank_template":"","rs_page_bg_color":"","slide_template_v7":"","footnotes":""},"class_list":["post-6733","page","type-page","status-publish","has-post-thumbnail","hentry"],"_links":{"self":[{"href":"https:\/\/babadlo.sk\/bratislava\/wp-json\/wp\/v2\/pages\/6733","targetHints":{"allow":["GET"]}}],"collection":[{"href":"https:\/\/babadlo.sk\/bratislava\/wp-json\/wp\/v2\/pages"}],"about":[{"href":"https:\/\/babadlo.sk\/bratislava\/wp-json\/wp\/v2\/types\/page"}],"author":[{"embeddable":true,"href":"https:\/\/babadlo.sk\/bratislava\/wp-json\/wp\/v2\/users\/1"}],"replies":[{"embeddable":true,"href":"https:\/\/babadlo.sk\/bratislava\/wp-json\/wp\/v2\/comments?post=6733"}],"version-history":[{"count":1,"href":"https:\/\/babadlo.sk\/bratislava\/wp-json\/wp\/v2\/pages\/6733\/revisions"}],"predecessor-version":[{"id":6735,"href":"https:\/\/babadlo.sk\/bratislava\/wp-json\/wp\/v2\/pages\/6733\/revisions\/6735"}],"wp:featuredmedia":[{"embeddable":true,"href":"https:\/\/babadlo.sk\/bratislava\/wp-json\/wp\/v2\/media\/6734"}],"wp:attachment":[{"href":"https:\/\/babadlo.sk\/bratislava\/wp-json\/wp\/v2\/media?parent=6733"}],"curies":[{"name":"wp","href":"https:\/\/api.w.org\/{rel}","templated":true}]}}

Statočný cínový vojačik

<div class="wpb-content-wrapper"><p>[vc_row][vc_column][vc_column_text]</p>
<h4>Premiéra : 4.6.2007</h4>
<p><strong>scenár :</strong> <a title="Júlia Labudová" href="http://www.babadlo.sk/wp/julia-labudova/">Júlia Labudová</a>, Pavel Mihaľák<br />
<strong>réžia :</strong> Júlia Labudová, Pavel Mihaľák<br />
<strong>výprava :</strong> Roman Anderle<br />
<strong>hudba :</strong> Július Selčan ml.<br />
<strong>hrajú :</strong> Lucia Hrašková, Jakub Muranský</p>
<p><em>Už má láska znova obe nohy,<br />
k sebe v páre patria mnohí.<br />
Ku košeli pánskej manžetka,<br />
k vojakovi cínovému baletka.</em></p>
<p><em>Bol to príbeh trošku smutný,<br />
ale smútok v živote je nutný.<br />
Nakoniec zloba mala smolu,</em></p>
<p><em>tí dvaja sú už navždy a spolu.</em></p>
<p>Nesmrteľný príbeh lásky krásnej tanečnice a statočného vojaka s jednou nohou v spracovaní aj pre najmenších divákov.</p>
<p>Umenie H.CH. Andersena má aj v dnešnej dobe významný odkaz pre všetky generácie.Hodnoty ako sú dobro a zlo, životná láska, obetavosť, dôvera</p>
<p>&nbsp;</p>
<p><strong>Predstavenie pre deti od 3 rokov</strong><br />
<strong>Dĺžka predstavenia:</strong> 40 minút[/vc_column_text][vc_gallery type=&#8220;image_grid&#8220; images=&#8220;2656,2657,2658,2660,2661,2662,2663,2664,2666,2667,2668,2669,2670,2672,2673,2674,2675,2677,2678,2679,2680,2681,2682,2683,2684,2685,2686,2687,2688,2689,2690,2691,2692,2693,2694,2695,2696,2697,2698,2699&#8243; img_size=&#8220;290&#215;145&#8243;][/vc_column][/vc_row]</p>
</div>

<p>[vc_row][vc_column][vc_column_text] Premiéra : 4.6.2007 scenár : Júlia Labudová, Pavel Mihaľák réžia : Júlia Labudová, Pavel Mihaľák výprava : Roman Anderle hudba : Július Selčan ml. hrajú [&hellip;]</p>
