{"id":6737,"date":"2025-08-22T13:24:55","date_gmt":"2025-08-22T11:24:55","guid":{"rendered":"https:\/\/babadlo.sk\/bratislava\/?page_id=6737"},"modified":"2025-08-22T13:24:55","modified_gmt":"2025-08-22T11:24:55","slug":"vianoce-s-kulisiakom","status":"publish","type":"page","link":"https:\/\/babadlo.sk\/bratislava\/program\/repertoar\/vianoce-s-kulisiakom\/","title":{"rendered":"Vianoce s Kuli\u0161iakom"},"content":{"rendered":"<div class=\"wpb-content-wrapper\"><p>[vc_row][vc_column][vc_column_text]<\/p>\n<h4>Premi\u00e9ra: 11.12.2016<\/h4>\n<p><strong>Scen\u00e1r :<\/strong> Iva Pe\u0159inov\u00e1<br \/>\n<strong>Preklad :<\/strong> Michaela\u00a0 Homolov\u00e1<br \/>\n<strong>R\u00e9\u017eia a kost\u00fdmi :<\/strong> J\u00falia Labudov\u00e1<br \/>\n<strong>B\u00e1bky a v\u00fdprava :<\/strong> Katar\u00edna Kostr\u00e1bov\u00e1<br \/>\n<strong>Hraj\u00fa:<\/strong>\u00a0Ivana \u0160ept\u00e1kov\u00e1, Luk\u00e1\u0161 \u0160ept\u00e1k<\/p>\n<p class=\"p1\"><span class=\"s1\">\u010co sa to deje ? Kto to klope na dvere? My\u0161ka Eli\u0161ka s vt\u00e1\u010dikom Jarab\u00e1\u010dikom spolu \u017eij\u00fa v chal\u00fapke a prich\u00e1dza k nim hos\u0165 &#8230;\u00daplne premrznut\u00e1 \u00faden\u00e1 klob\u00e1ska, ktor\u00fa oziabaj\u00fa no\u017ei\u010dky. A ako to dopadne sa dozviete vo veselom zimnom pr\u00edbehu o priate\u013estve a vz\u00e1jomnej pomoci v \u010darovnom svete cenc\u00fa\u013eov a snehu.<\/span><\/p>\n<p><strong>Predstavenie pre deti od 3 rokov<\/strong><\/p>\n<p><strong>D\u013a\u017eka predstavenia :<\/strong> 40 min[\/vc_column_text][vc_raw_html]JTNDaWZyYW1lJTIwd2lkdGglM0QlMjI1NjAlMjIlMjBoZWlnaHQlM0QlMjIzMTUlMjIlMjBzcmMlM0QlMjJodHRwcyUzQSUyRiUyRnd3dy55b3V0dWJlLmNvbSUyRmVtYmVkJTJGcHdNYkFwc25aUjAlMjIlMjBmcmFtZWJvcmRlciUzRCUyMjAlMjIlMjBhbGxvd2Z1bGxzY3JlZW4lM0UlM0MlMkZpZnJhbWUlM0U=[\/vc_raw_html][vc_gallery type=&#8220;image_grid&#8220; images=&#8220;1580,1607,1612,1622,1632,1633&#8243; img_size=&#8220;290&#215;145&#8243;][\/vc_column][\/vc_row]<\/p>\n<\/div>","protected":false},"excerpt":{"rendered":"<p>[vc_row][vc_column][vc_column_text] Premi\u00e9ra: 11.12.2016 Scen\u00e1r : Iva Pe\u0159inov\u00e1 Preklad : Michaela\u00a0 Homolov\u00e1 R\u00e9\u017eia a kost\u00fdmi : J\u00falia Labudov\u00e1 B\u00e1bky a v\u00fdprava : Katar\u00edna Kostr\u00e1bov\u00e1 Hraj\u00fa:\u00a0Ivana \u0160ept\u00e1kov\u00e1, Luk\u00e1\u0161 [&hellip;]<\/p>\n","protected":false},"author":1,"featured_media":0,"parent":688,"menu_order":0,"comment_status":"closed","ping_status":"closed","template":"","meta":{"rs_blank_template":"","rs_page_bg_color":"","slide_template_v7":"","footnotes":""},"class_list":["post-6737","page","type-page","status-publish","hentry"],"_links":{"self":[{"href":"https:\/\/babadlo.sk\/bratislava\/wp-json\/wp\/v2\/pages\/6737","targetHints":{"allow":["GET"]}}],"collection":[{"href":"https:\/\/babadlo.sk\/bratislava\/wp-json\/wp\/v2\/pages"}],"about":[{"href":"https:\/\/babadlo.sk\/bratislava\/wp-json\/wp\/v2\/types\/page"}],"author":[{"embeddable":true,"href":"https:\/\/babadlo.sk\/bratislava\/wp-json\/wp\/v2\/users\/1"}],"replies":[{"embeddable":true,"href":"https:\/\/babadlo.sk\/bratislava\/wp-json\/wp\/v2\/comments?post=6737"}],"version-history":[{"count":1,"href":"https:\/\/babadlo.sk\/bratislava\/wp-json\/wp\/v2\/pages\/6737\/revisions"}],"predecessor-version":[{"id":6738,"href":"https:\/\/babadlo.sk\/bratislava\/wp-json\/wp\/v2\/pages\/6737\/revisions\/6738"}],"up":[{"embeddable":true,"href":"https:\/\/babadlo.sk\/bratislava\/wp-json\/wp\/v2\/pages\/688"}],"wp:attachment":[{"href":"https:\/\/babadlo.sk\/bratislava\/wp-json\/wp\/v2\/media?parent=6737"}],"curies":[{"name":"wp","href":"https:\/\/api.w.org\/{rel}","templated":true}]}}

Vianoce s Kulišiakom

<div class="wpb-content-wrapper"><p>[vc_row][vc_column][vc_column_text]</p>
<h4>Premiéra: 11.12.2016</h4>
<p><strong>Scenár :</strong> Iva Peřinová<br />
<strong>Preklad :</strong> Michaela  Homolová<br />
<strong>Réžia a kostými :</strong> Júlia Labudová<br />
<strong>Bábky a výprava :</strong> Katarína Kostrábová<br />
<strong>Hrajú:</strong> Ivana Šeptáková, Lukáš Šepták</p>
<p class="p1"><span class="s1">Čo sa to deje ? Kto to klope na dvere? Myška Eliška s vtáčikom Jarabáčikom spolu žijú v chalúpke a prichádza k nim hosť &#8230;Úplne premrznutá údená klobáska, ktorú oziabajú nožičky. A ako to dopadne sa dozviete vo veselom zimnom príbehu o priateľstve a vzájomnej pomoci v čarovnom svete cencúľov a snehu.</span></p>
<p><strong>Predstavenie pre deti od 3 rokov</strong></p>
<p><strong>Dĺžka predstavenia :</strong> 40 min[/vc_column_text][vc_raw_html]JTNDaWZyYW1lJTIwd2lkdGglM0QlMjI1NjAlMjIlMjBoZWlnaHQlM0QlMjIzMTUlMjIlMjBzcmMlM0QlMjJodHRwcyUzQSUyRiUyRnd3dy55b3V0dWJlLmNvbSUyRmVtYmVkJTJGcHdNYkFwc25aUjAlMjIlMjBmcmFtZWJvcmRlciUzRCUyMjAlMjIlMjBhbGxvd2Z1bGxzY3JlZW4lM0UlM0MlMkZpZnJhbWUlM0U=[/vc_raw_html][vc_gallery type=&#8220;image_grid&#8220; images=&#8220;1580,1607,1612,1622,1632,1633&#8243; img_size=&#8220;290&#215;145&#8243;][/vc_column][/vc_row]</p>
</div>

<p>[vc_row][vc_column][vc_column_text] Premiéra: 11.12.2016 Scenár : Iva Peřinová Preklad : Michaela  Homolová Réžia a kostými : Júlia Labudová Bábky a výprava : Katarína Kostrábová Hrajú: Ivana Šeptáková, Lukáš [&hellip;]</p>
