{"id":17,"date":"2016-02-11T15:30:52","date_gmt":"2016-02-11T15:30:52","guid":{"rendered":"http:\/\/themes.muffingroup.com\/be\/tea\/?page_id=17"},"modified":"2025-08-18T17:54:40","modified_gmt":"2025-08-18T15:54:40","slug":"kontakt","status":"publish","type":"page","link":"https:\/\/babadlo.sk\/puchov\/kontakt\/","title":{"rendered":"KONTAKT"},"content":{"rendered":"<div class=\"wpb-content-wrapper\"><p>[vc_row full_width=&#8220;stretch_row_content_no_spaces&#8220;][vc_column][vc_single_image image=&#8220;5839&#8243; img_size=&#8220;full&#8220;][\/vc_column][\/vc_row][vc_row full_width=&#8220;stretch_row_content_no_spaces&#8220; css=&#8220;.vc_custom_1464880050203{margin-bottom: -30px !important;}&#8220;][vc_column css=&#8220;.vc_custom_1464864401750{margin-top: 0px !important;margin-right: 0px !important;margin-bottom: -10px !important;margin-left: 0px !important;border-top-width: 0px !important;border-right-width: 0px !important;border-bottom-width: 0px !important;border-left-width: 0px !important;padding-top: 0px !important;padding-right: 0px !important;padding-bottom: 0px !important;padding-left: 0px !important;}&#8220;][vc_single_image image=&#8220;31&#8243; img_size=&#8220;full&#8220; alignment=&#8220;center&#8220; css=&#8220;.vc_custom_1464864383711{margin-top: 0px !important;margin-right: 0px !important;margin-bottom: -10px !important;margin-left: 0px !important;border-top-width: 0px !important;border-right-width: 0px !important;border-bottom-width: 0px !important;border-left-width: 0px !important;padding-top: 0px !important;padding-right: 0px !important;padding-bottom: 0px !important;padding-left: 0px !important;}&#8220;][\/vc_column][\/vc_row][vc_row full_width=&#8220;stretch_row_content_no_spaces&#8220;][vc_column css=&#8220;.vc_custom_1464864428063{margin-top: -10px !important;margin-right: 0px !important;margin-bottom: 0px !important;margin-left: 0px !important;border-top-width: 0px !important;border-right-width: 0px !important;border-bottom-width: 0px !important;border-left-width: 0px !important;padding-top: 0px !important;padding-right: 0px !important;padding-bottom: 0px !important;padding-left: 0px !important;}&#8220;][vc_single_image image=&#8220;31&#8243; img_size=&#8220;full&#8220; alignment=&#8220;center&#8220; css=&#8220;.vc_custom_1464864383711{margin-top: 0px !important;margin-right: 0px !important;margin-bottom: -10px !important;margin-left: 0px !important;border-top-width: 0px !important;border-right-width: 0px !important;border-bottom-width: 0px !important;border-left-width: 0px !important;padding-top: 0px !important;padding-right: 0px !important;padding-bottom: 0px !important;padding-left: 0px !important;}&#8220;][\/vc_column][\/vc_row][vc_row content_placement=&#8220;top&#8220;][vc_column width=&#8220;3\/4&#8243; css=&#8220;.vc_custom_1464880683932{margin-top: 40px !important;}&#8220;][vc_column_text]<\/p>\n<h3 style=\"text-align: center;\">Mana\u017e\u00e9ri predaja<\/h3>\n<p>[\/vc_column_text][vc_row_inner][vc_column_inner][vc_column_text]<\/p>\n<h5 style=\"text-align: left;\"><span style=\"color: #000000;\"><b>\u017dilinsk\u00fd a Tren\u010diansky kraj<\/b><\/span><\/h5>\n<p>&nbsp;<\/p>\n<p><strong>Eva Dzugasov\u00e1<em><br \/>\n<a href=\"tel:0948274870\">0948 274 870<\/a><br \/>\n<a href=\"mailto:babadlo.dzugasova@gmail.com\">babadlo.dzugasova@gmail.com<\/a><\/em><\/strong>[\/vc_column_text][\/vc_column_inner][\/vc_row_inner][vc_column_text]<img loading=\"lazy\" decoding=\"async\" class=\"aligncenter size-full wp-image-5843\" src=\"https:\/\/babadlo.sk\/topolcany\/wp-content\/uploads\/sites\/3\/2024\/02\/predel_stred_zeleny.png\" alt=\"\" width=\"200\" height=\"35\" srcset=\"https:\/\/babadlo.sk\/puchov\/wp-content\/uploads\/sites\/3\/2024\/02\/predel_stred_zeleny.png 200w, https:\/\/babadlo.sk\/puchov\/wp-content\/uploads\/sites\/3\/2024\/02\/predel_stred_zeleny-50x9.png 50w, https:\/\/babadlo.sk\/puchov\/wp-content\/uploads\/sites\/3\/2024\/02\/predel_stred_zeleny-150x26.png 150w\" sizes=\"auto, (max-width: 200px) 100vw, 200px\" \/>[\/vc_column_text][vc_row_inner][vc_column_inner][vc_column_text]<\/p>\n<p>&nbsp;<\/p>\n<p>&nbsp;<\/p>\n<p>[\/vc_column_text][\/vc_column_inner][vc_column_inner width=&#8220;1\/2&#8243;][vc_column_text]<\/p>\n<h3 style=\"text-align: left;\">FAKTURA\u010cN\u00c9 \u00daDAJE<\/h3>\n<div><span style=\"color: #000000;\">BABADLO n.o.<\/span><\/div>\n<p><span style=\"color: #000000;\">mimovl\u00e1dna neziskov\u00e1 organiz\u00e1cia poskytuj\u00faca verejnoprospe\u0161n\u00e9 slu\u017eby<\/span><br \/>\n<span style=\"color: #000000;\">I\u010cO: 501 160 70<\/span><br \/>\n<span style=\"color: #000000;\">DI\u010c: 21 20 17 31 65<\/span><br \/>\n<span style=\"color: #000000;\">Slovensk\u00e1 sporite\u013e\u0148a, a. s.\u00a0 \u00a0 \u00a0 \u00a0 \u00a0 \u00a0 \u00a0 \u00a0 \u00a0 \u00a0 \u00a0 \u00a0 \u00a0\u00a0<\/span><\/p>\n<div><span style=\"color: #000000;\">IBAN: SK21 0900 0000 0005 0277 4487\u00a0 \u00a0 \u00a0<\/span><\/div>\n<p>[\/vc_column_text][\/vc_column_inner][vc_column_inner width=&#8220;1\/2&#8243;][vc_column_text]<\/p>\n<h3 style=\"text-align: left;\">ADRESA<\/h3>\n<p class=\"big\"><span style=\"color: #000000;\">Solivarsk\u00e1 80,<\/span><br \/>\n<span style=\"color: #000000;\">Pre\u0161ov 080 05<\/span><br \/>\n<span style=\"color: #000000;\">Slovensk\u00e1 republika<\/span><\/p>\n<p>[\/vc_column_text][\/vc_column_inner][\/vc_row_inner][\/vc_column][vc_column width=&#8220;1\/4&#8243;][vc_column_text]<\/p>\n<p>&nbsp;<\/p>\n<p>[\/vc_column_text][vc_column_text]<\/p>\n<h3 style=\"text-align: center;\"><span style=\"color: #000000;\">Riadite\u013eka<\/span><\/h3>\n<p><span style=\"color: #000000;\"><strong>Mgr. J\u00falia Labudov\u00e1<\/strong><\/span><br \/>\n<em><strong><a href=\"tel:0903488388\">0903 488 388<\/a><\/strong><\/em><br \/>\n<em><strong><a href=\"mailto:babadlo.presov@gmail.com\"> babadlo.presov@gmail.com<\/a><\/strong><\/em>[\/vc_column_text][\/vc_column][\/vc_row][vc_row full_width=&#8220;stretch_row_content_no_spaces&#8220; disable_element=&#8220;yes&#8220;][vc_column]<div id='wrap_map_69fb385a8ceb7' class='ultimate-map-wrapper ult-adjust-bottom-margin ' style='margin0pxpadding0px height:500px;'><div id='map_69fb385a8ceb7' data-map_override='0' class='ultimate_google_map wpb_content_element ' style='width:100%;height:500px;'><\/div><\/div><script type='text\/javascript'>\n\t\t\t(function($) {\n  \t\t\t'use strict';\n\t\t\tvar map_map_69fb385a8ceb7 = null;\n\t\t\tvar coordinate_map_69fb385a8ceb7;\n\t\t\tvar isDraggable = $(document).width() > 641 ? 'true' : 'true';\n\t\t\ttry\n\t\t\t{\n\t\t\t\tvar map_map_69fb385a8ceb7 = null;\n\t\t\t\tvar coordinate_map_69fb385a8ceb7;\n\t\t\t\tcoordinate_map_69fb385a8ceb7 = new google.maps.LatLng(48.97891, 21.2727);\n\t\t\t\tvar mapOptions=\n\t\t\t\t{\n\t\t\t\t\tzoom: 19,\n\t\t\t\t\tcenter: coordinate_map_69fb385a8ceb7,\n\t\t\t\t\tscaleControl: true,\n\t\t\t\t\tstreetViewControl: true,\n\t\t\t\t\tmapTypeControl: false,\n\t\t\t\t\tpanControl: false,\n\t\t\t\t\tzoomControl: true,\n\t\t\t\t\tscrollwheel: true,\n\t\t\t\t\tdraggable: isDraggable,\n\t\t\t\t\tzoomControlOptions: {\n\t\t\t\t\t\tposition: google.maps.ControlPosition.right_bottom\n\t\t\t\t\t}, mapTypeControlOptions: {\n\t\t\t\t\t\t\tmapTypeIds: [google.maps.MapTypeId.satellite, 'map_style']\n\t\t\t\t\t\t}};var styles = [\n\u3000{\n\u3000\u3000\"stylers\": [\n\u3000\u3000\u3000{ \"hue\": \"#ff8800\" },\n\u3000\u3000\u3000{ \"saturation\": -77 },\n\u3000\u3000\u3000{ \"lightness\": -12 }\n\u3000\u3000]\n\u3000}\n]; var styledMap = new google.maps.StyledMapType(styles,{name: \"Styled Map\"});var map_map_69fb385a8ceb7 = new google.maps.Map(document.getElementById('map_69fb385a8ceb7'),mapOptions);map_map_69fb385a8ceb7.mapTypes.set('map_style', styledMap);\n \t\t\t\t\t\t\t map_map_69fb385a8ceb7.setMapTypeId('map_style');\n\t\t\t\t\t\tvar x = 'infowindow_open_value';\n\t\t\t\t\t\tvar marker_map_69fb385a8ceb7 = new google.maps.Marker({\n\t\t\t\t\t\tposition: new google.maps.LatLng('48.97891', '21.2727'),\n\t\t\t\t\t\tanimation:  google.maps.Animation.DROP,\n\t\t\t\t\t\tmap: map_map_69fb385a8ceb7,\n\t\t\t\t\t\ticon: ''\n\t\t\t\t\t});\tgoogle.maps.event.addListener(marker_map_69fb385a8ceb7, 'click', toggleBounce);var infowindow = new google.maps.InfoWindow();\n\t\t\t\t\t\t\tinfowindow.setContent('<div class=\"map_info_text\" style=\\'color:#000;\\'><\/p> <p style=\"text-align: center\"><strong>Divadlo BABADLO<\/strong><br \/> Solivarsk\u00e1 80<br \/> Pre\u0161ov<\/p> <p><\/div>');google.maps.event.addListener(marker_map_69fb385a8ceb7, 'click', function() {\n\t\t\t\t\t\t\t\tinfowindow.open(map_map_69fb385a8ceb7,marker_map_69fb385a8ceb7);\n\t\t\t\t\t\t  \t});}\n\t\t\tcatch(e){};\n\t\t\tjQuery(document).ready(function($){\n\t\t\t\tgoogle.maps.event.trigger(map_map_69fb385a8ceb7, 'resize');\n\t\t\t\t$(window).on('resize', function(){\n\t\t\t\t\tgoogle.maps.event.trigger(map_map_69fb385a8ceb7, 'resize');\n\t\t\t\t\tif(map_map_69fb385a8ceb7!=null)\n\t\t\t\t\t\tmap_map_69fb385a8ceb7.setCenter(coordinate_map_69fb385a8ceb7);\n\t\t\t\t});\n\t\t\t\t$('.ui-tabs').on('tabsactivate', function(event, ui) {\n\t\t\t\t   if($(this).find('.ultimate-map-wrapper').length > 0)\n\t\t\t\t\t{\n\t\t\t\t\t\tsetTimeout(function(){\n\t\t\t\t\t\t\t$(window).trigger('resize');\n\t\t\t\t\t\t},200);\n\t\t\t\t\t}\n\t\t\t\t});\n\t\t\t\t$('.ui-accordion').on('accordionactivate', function(event, ui) {\n\t\t\t\t   if($(this).find('.ultimate-map-wrapper').length > 0)\n\t\t\t\t\t{\n\t\t\t\t\t\tsetTimeout(function(){\n\t\t\t\t\t\t\t$(window).trigger('resize');\n\t\t\t\t\t\t},200);\n\t\t\t\t\t}\n\t\t\t\t});\n\t\t\t\t$(window).on('load',function(){\n\t\t\t\t\tsetTimeout(function(){\n\t\t\t\t\t\t$(window).trigger('resize');\n\t\t\t\t\t},200);\n\t\t\t\t});\n\t\t\t\t$('.ult_exp_section').on('select', function(){\n\t\t\t\t\tif($(map_map_69fb385a8ceb7).parents('.ult_exp_section'))\n\t\t\t\t\t{\n\t\t\t\t\t\tsetTimeout(function(){\n\t\t\t\t\t\t\t$(window).trigger('resize');\n\t\t\t\t\t\t},200);\n\t\t\t\t\t}\n\t\t\t\t});\n\t\t\t\t$(document).on('onUVCModalPopupOpen', function(){\n\t\t\t\t\tif($(map_map_69fb385a8ceb7).parents('.ult_modal-content'))\n\t\t\t\t\t{\n\t\t\t\t\t\tsetTimeout(function(){\n\t\t\t\t\t\t\t$(window).trigger('resize');\n\t\t\t\t\t\t},200);\n\t\t\t\t\t}\n\t\t\t\t});\n\t\t\t\t$(document).on('click','.ult_tab_li',function(){\n\t\t\t\t\t$(window).trigger('resize');\n\t\t\t\t\tsetTimeout(function(){\n\t\t\t\t\t\t$(window).trigger('resize');\n\t\t\t\t\t},200);\n\t\t\t\t});\n\t\t\t});\n\t\t\tfunction toggleBounce() {\n\t\t\t  if (marker_map_69fb385a8ceb7.getAnimation() != null) {\n\t\t\t\tmarker_map_69fb385a8ceb7.setAnimation(null);\n\t\t\t  } else {\n\t\t\t\tmarker_map_69fb385a8ceb7.setAnimation(google.maps.Animation.BOUNCE);\n\t\t\t  }\n\t\t\t}\n\t\t\t})(jQuery);\n\t\t\t<\/script>[\/vc_column][\/vc_row][vc_row disable_element=&#8220;yes&#8220;][vc_column][vc_raw_js]JTNDc2NyaXB0JTIwdHlwZSUzRCUyMnRleHQlMkZqYXZhc2NyaXB0JTIyJTNFdmFyJTIwYm9keSUyMCUzRCUyMGRvY3VtZW50LmdldEVsZW1lbnRzQnlUYWdOYW1lJTI4JTI3Ym9keSUyNyUyOSU1QjAlNUQlM0IlMEFib2R5LnN0eWxlLmJhY2tncm91bmRJbWFnZSUyMCUzRCUyMCUyN3VybCUyOGh0dHBzJTNBJTJGJTJGYmFiYWRsby5zayUyRnRvcG9sY2FueSUyRndwLWNvbnRlbnQlMkZ1cGxvYWRzJTJGc2l0ZXMlMkYzJTJGMjAyNCUyRjAxJTJGYmctZ3JlZW4tdmFyaWFudDEuanBnJTI5JTI3JTNCJTBBJTIydXJsJTI4aHR0cHMlM0ElMkYlMkZiYWJhZGxvLnNrJTJGdG9wb2xjYW55JTJGd3AtY29udGVudCUyRnVwbG9hZHMlMkZzaXRlcyUyRjMlMkYyMDI0JTJGMDIlMkZiZy1ncmVlbi12YXJpYW50LTcuanBnJTI5JTIyJTNDJTJGc2NyaXB0JTNF[\/vc_raw_js][\/vc_column][\/vc_row]<\/p>\n<\/div>","protected":false},"excerpt":{"rendered":"<p>[vc_row full_width=&#8220;stretch_row_content_no_spaces&#8220;][vc_column][vc_single_image image=&#8220;5839&#8243; img_size=&#8220;full&#8220;][\/vc_column][\/vc_row][vc_row full_width=&#8220;stretch_row_content_no_spaces&#8220; css=&#8220;.vc_custom_1464880050203{margin-bottom: -30px !important;}&#8220;][vc_column css=&#8220;.vc_custom_1464864401750{margin-top: 0px !important;margin-right: 0px !important;margin-bottom: -10px !important;margin-left: 0px !important;border-top-width: 0px !important;border-right-width: 0px !important;border-bottom-width: 0px !important;border-left-width: 0px !important;padding-top: 0px [&hellip;]<\/p>\n","protected":false},"author":7,"featured_media":6219,"parent":0,"menu_order":0,"comment_status":"closed","ping_status":"closed","template":"","meta":{"rs_blank_template":"","rs_page_bg_color":"","slide_template_v7":"","footnotes":""},"class_list":["post-17","page","type-page","status-publish","has-post-thumbnail","hentry"],"_links":{"self":[{"href":"https:\/\/babadlo.sk\/puchov\/wp-json\/wp\/v2\/pages\/17","targetHints":{"allow":["GET"]}}],"collection":[{"href":"https:\/\/babadlo.sk\/puchov\/wp-json\/wp\/v2\/pages"}],"about":[{"href":"https:\/\/babadlo.sk\/puchov\/wp-json\/wp\/v2\/types\/page"}],"author":[{"embeddable":true,"href":"https:\/\/babadlo.sk\/puchov\/wp-json\/wp\/v2\/users\/7"}],"replies":[{"embeddable":true,"href":"https:\/\/babadlo.sk\/puchov\/wp-json\/wp\/v2\/comments?post=17"}],"version-history":[{"count":16,"href":"https:\/\/babadlo.sk\/puchov\/wp-json\/wp\/v2\/pages\/17\/revisions"}],"predecessor-version":[{"id":6234,"href":"https:\/\/babadlo.sk\/puchov\/wp-json\/wp\/v2\/pages\/17\/revisions\/6234"}],"wp:featuredmedia":[{"embeddable":true,"href":"https:\/\/babadlo.sk\/puchov\/wp-json\/wp\/v2\/media\/6219"}],"wp:attachment":[{"href":"https:\/\/babadlo.sk\/puchov\/wp-json\/wp\/v2\/media?parent=17"}],"curies":[{"name":"wp","href":"https:\/\/api.w.org\/{rel}","templated":true}]}}