{"id":362,"date":"2016-07-11T11:24:28","date_gmt":"2016-07-11T09:24:28","guid":{"rendered":"http:\/\/projektwebu.sk\/babadlo\/?page_id=362"},"modified":"2025-10-13T19:45:15","modified_gmt":"2025-10-13T17:45:15","slug":"horsa-zem-otvor-sa-vsade-na-vsetkych-oknach","status":"publish","type":"page","link":"https:\/\/babadlo.sk\/puchov\/program\/repertoar\/horsa-zem-otvor-sa-vsade-na-vsetkych-oknach\/","title":{"rendered":"HOPSA, HORSA &#8211; zem otvor sa!"},"content":{"rendered":"<div class=\"wpb-content-wrapper\"><p>[vc_row][vc_column][vc_column_text]<\/p>\n<h4>Premi\u00e9ra: 27.9.2015<\/h4>\n<p><strong><a href=\"https:\/\/babadlo.sk\/puchov\/wp-content\/uploads\/sites\/3\/2025\/10\/Metodicky-list-Hopsa.docx\" target=\"_blank\" rel=\"noopener\" download=\"Metodicky-list-Lapaj-postrach-dvora\">Metodick\u00fd list \u2013 HOPSA, HORSA &#8211; zem otvor sa!<\/a><\/strong><\/p>\n<p><strong>Scen\u00e1r :<\/strong> Luk\u00e1\u0161 Tak\u00e1\u010d, Juraj Ben\u010d\u00edk<br \/>\n<strong>R\u00e9\u017eia :<\/strong> Juraj Ben\u010d\u00edk<br \/>\n<strong>V\u00fdprava :<\/strong> J\u00falia Labudov\u00e1, Katar\u00edna Kostrabov\u00e1<br \/>\n<strong>Hraje :<\/strong>\u00a0Luk\u00e1\u0161 \u0160ept\u00e1k<\/p>\n<p>Divadeln\u00e1 adapt\u00e1cia slovenskej \u013eudovej rozpr\u00e1vky\u00a0\u201cHopsa, horsa, zem otvor sa!\u201d<\/p>\n<p>Je mo\u017en\u00e9 zv\u00ed\u0165azi\u0165 nad zbojn\u00edkmi ? Je rozum a\u00a0\u0161ikovnos\u0165 viac ako sila ? To v\u00e1m prezrad\u00ed tento zn\u00e1my pr\u00edbeh v\u00a0netradi\u010dnom spracovan\u00ed na slovensk\u00fd sp\u00f4sob.<\/p>\n<p>Predstavenie pre deti od 3 rokov<br \/>\nD\u013a\u017eka predstavenia : 45 min<br \/>\nTechnick\u00e9 po\u017eiadavky:[\/vc_column_text][vc_gallery type=&#8220;image_grid&#8220; images=&#8220;6257,6258,6259,6260,6261,6262,6265,6266,6267,6268,6269&#8243; img_size=&#8220;290&#215;145&#8243;][\/vc_column][\/vc_row]<\/p>\n<\/div>","protected":false},"excerpt":{"rendered":"<p>[vc_row][vc_column][vc_column_text] Premi\u00e9ra: 27.9.2015 Metodick\u00fd list \u2013 HOPSA, HORSA &#8211; zem otvor sa! Scen\u00e1r : Luk\u00e1\u0161 Tak\u00e1\u010d, Juraj Ben\u010d\u00edk R\u00e9\u017eia : Juraj Ben\u010d\u00edk V\u00fdprava : J\u00falia Labudov\u00e1, [&hellip;]<\/p>\n","protected":false},"author":7,"featured_media":5778,"parent":688,"menu_order":0,"comment_status":"closed","ping_status":"closed","template":"","meta":{"rs_blank_template":"","rs_page_bg_color":"","slide_template_v7":"","footnotes":""},"class_list":["post-362","page","type-page","status-publish","has-post-thumbnail","hentry"],"_links":{"self":[{"href":"https:\/\/babadlo.sk\/puchov\/wp-json\/wp\/v2\/pages\/362","targetHints":{"allow":["GET"]}}],"collection":[{"href":"https:\/\/babadlo.sk\/puchov\/wp-json\/wp\/v2\/pages"}],"about":[{"href":"https:\/\/babadlo.sk\/puchov\/wp-json\/wp\/v2\/types\/page"}],"author":[{"embeddable":true,"href":"https:\/\/babadlo.sk\/puchov\/wp-json\/wp\/v2\/users\/7"}],"replies":[{"embeddable":true,"href":"https:\/\/babadlo.sk\/puchov\/wp-json\/wp\/v2\/comments?post=362"}],"version-history":[{"count":12,"href":"https:\/\/babadlo.sk\/puchov\/wp-json\/wp\/v2\/pages\/362\/revisions"}],"predecessor-version":[{"id":6293,"href":"https:\/\/babadlo.sk\/puchov\/wp-json\/wp\/v2\/pages\/362\/revisions\/6293"}],"up":[{"embeddable":true,"href":"https:\/\/babadlo.sk\/puchov\/wp-json\/wp\/v2\/pages\/688"}],"wp:featuredmedia":[{"embeddable":true,"href":"https:\/\/babadlo.sk\/puchov\/wp-json\/wp\/v2\/media\/5778"}],"wp:attachment":[{"href":"https:\/\/babadlo.sk\/puchov\/wp-json\/wp\/v2\/media?parent=362"}],"curies":[{"name":"wp","href":"https:\/\/api.w.org\/{rel}","templated":true}]}}